{"id":14898,"date":"2020-12-09T22:13:58","date_gmt":"2020-12-10T02:13:58","guid":{"rendered":"https:\/\/lapapelera.com\/cba\/?page_id=14898"},"modified":"2020-12-10T13:59:54","modified_gmt":"2020-12-10T17:59:54","slug":"bag-in-box","status":"publish","type":"page","link":"https:\/\/lapapelera.com\/cba\/productos\/linea-industrial\/bag-in-box\/","title":{"rendered":"Bag in Box"},"content":{"rendered":"<section data-vc-full-width=\"true\" data-vc-full-width-init=\"false\" data-vc-stretch-content=\"true\" class=\"vc_section vc_custom_1605494913919 vc_section-has-fill\"><div class=\"container  dark\"><div class=\"section_clear\"><div id=\"fws_69fa35415a20a\" class=\"wpb_row vc_row vc_row-fluid  animate_onoffset row-dynamic-el standard_section    vc_row-o-equal-height vc_row-flex normal \" style=\"\"><div  style=\"position: absolute;top: 0;\"><\/div><div class=\"wpb_column column_container with_padding wpb_column vc_column_container vc_col-sm-6\"><div class=\"vc_column-inner  \"  style=\"padding:\" data-animation=\"none\" data-delay=\"\"><div class=\"wpb_wrapper\"><div class=\"wpb_content_element media media_el yes animate_onoffset\"><img decoding=\"async\" src=\"https:\/\/lapapelera.com\/cba\/wp-content\/uploads\/2020\/12\/Bag-in-box.jpg\" alt=\"Portfolio\" class=\"type_image media_animation animation_left alignment_left\"  \/><\/div><\/div><\/div><\/div><div class=\"wpb_column column_container with_padding wpb_column vc_column_container vc_col-sm-6\"><div class=\"vc_column-inner  \"  style=\" color: #ffffff;padding:\" data-animation=\"none\" data-delay=\"\"><div class=\"wpb_wrapper\">\n\t<div class=\"wpb_text_column wpb_content_element \">\n\t\t<div class=\"wpb_wrapper\">\n\t\t\t<h1><strong><span style=\"color: #27a0dc;\">BAG IN BOX<\/span><\/strong><\/h1>\n<p>&nbsp;<\/p>\n<h4><span style=\"color: #27a0dc;\">Descripci\u00f3n<\/span><\/h4>\n<p><span style=\"color: #ffffff;\">Empaque \u00abone way\u00bb de alta relaci\u00f3n costo-beneficio, apto para el empaque, apilamiento y transporte de productos l\u00edquidos y semil\u00edquidos.<\/span><\/p>\n<p><span style=\"color: #ffffff;\">Cajas entregadas al cliente en formato plano, generando ahorros en espacio de almacenamiento menores a envases pl\u00e1sticos o met\u00e1licos.<\/span><\/p>\n<p><span style=\"color: #ffffff;\">Bolsa multicapa flexible y esteril.<\/span><\/p>\n<p><span style=\"color: #ffffff;\">Sistema rentable y eficaz para el embalaje y transporte de productos.<\/span><\/p>\n<p><span style=\"color: #ffffff;\">aje y transporte de productos.<\/span><\/p>\n<h3><span style=\"color: #27a0dc;\">Caracter\u00edsticas<\/span><\/h3>\n<ul>\n<li><span style=\"color: #ffffff;\">Fabricadas en diferentes tama\u00f1os, con la opci\u00f3n de llevar impresi\u00f3n o pre impresi\u00f3n de alta calidad.<\/span><\/li>\n<li><span style=\"color: #ffffff;\">Variedad de v\u00e1lvulas adaptadas a diversos usos.<\/span><\/li>\n<li><span style=\"color: #ffffff;\">Pueden ser dise\u00f1adas para soportar apilamiento.<\/span><\/li>\n<li><span style=\"color: #ffffff;\">Pueden incorporarse perforaciones y agarradores.<\/span><\/li>\n<li><span style=\"color: #ffffff;\">Mantiene la calidad de los productos despu\u00e9s su apertura al impedir el ingreso de ox\u00edgeno.<\/span><\/li>\n<li><span style=\"color: #ffffff;\">Ofrecemos asistencia para la incorporaci\u00f3n de m\u00e1quinas para el llenado semiautom\u00e1tico o autom\u00e1tico de este tipo de cajas.<\/span><\/li>\n<li><span style=\"color: #ffffff;\">F\u00e1cilmente reducibles.<\/span><\/li>\n<\/ul>\n<div class=\"col-sm-6\">\n<h3><span style=\"color: #27a0dc;\">\u00bfPor qu\u00e9 nos eligen?<\/span><\/h3>\n<ul>\n<li><span style=\"color: #ffffff;\">Soporte t\u00e9cnico pre y post venta.<\/span><\/li>\n<li><span style=\"color: #ffffff;\">Amplia experiencia y apoyo en el dise\u00f1o de su caja, elaboraci\u00f3n de prototipo, pruebas piloto y pruebas industriales.<\/span><\/li>\n<li><span style=\"color: #ffffff;\">Soporte t\u00e9cnico en tecnolog\u00eda del envasado, almacenamiento y log\u00edstica de sus productos.<\/span><\/li>\n<li><span style=\"color: #ffffff;\">Tiempos r\u00e1pidos de entrega, incluso en grandes cantidades.<\/span><\/li>\n<li><span style=\"color: #ffffff;\">Fabricadas a partir de fuentes de materias primas sostenibles y renovables.<\/span><\/li>\n<li><span style=\"color: #ffffff;\">Atenci\u00f3n comercial en todo el pa\u00eds.<\/span><\/li>\n<\/ul>\n<\/div>\n\n\t\t<\/div> \n\t<\/div> <div class=\"vc_btn3-container vc_btn3-center\" ><a class=\"vc_general vc_btn3 vc_btn3-size-md vc_btn3-shape-square vc_btn3-style-outline vc_btn3-icon-left vc_btn3-color-white\" href=\"\/productos\/linea-industrial\/\" title=\"Productos Industriales\"><i class=\"vc_btn3-icon fas fa-angle-double-left\"><\/i> volver a men\u00fa<\/a><\/div><\/div><\/div><\/div><div class=\"wpb_column column_container with_padding wpb_column vc_column_container vc_col-sm-12\"><div class=\"vc_column-inner  \"  style=\"padding:\" data-animation=\"none\" data-delay=\"\"><div class=\"wpb_wrapper\"><div class=\"vc_empty_space\"   style=\"height: 42px\"><span class=\"vc_empty_space_inner\"><\/span><\/div><\/div><\/div><\/div><\/div><\/div><\/div><\/section><div class=\"vc_row-full-width vc_clearfix\"><\/div>\n","protected":false},"excerpt":{"rendered":"BAG IN BOX &nbsp; Descripci\u00f3n Empaque \"one way\" de alta relaci\u00f3n costo-beneficio, apto para el empaque, apilamiento y transporte de productos l\u00edquidos y semil\u00edquidos. Cajas entregadas al cliente en formato plano, generando ahorros en espacio de almacenamiento menores a envases pl\u00e1sticos o met\u00e1licos. Bolsa multicapa flexible y esteril. Sistema rentable y eficaz para el embalaje [...]","protected":false},"author":1,"featured_media":14959,"parent":14782,"menu_order":0,"comment_status":"closed","ping_status":"closed","template":"","meta":{"footnotes":""},"categories":[124],"tags":[],"class_list":["post-14898","page","type-page","status-publish","has-post-thumbnail","hentry","category-cajas-carton"],"_links":{"self":[{"href":"https:\/\/lapapelera.com\/cba\/wp-json\/wp\/v2\/pages\/14898","targetHints":{"allow":["GET"]}}],"collection":[{"href":"https:\/\/lapapelera.com\/cba\/wp-json\/wp\/v2\/pages"}],"about":[{"href":"https:\/\/lapapelera.com\/cba\/wp-json\/wp\/v2\/types\/page"}],"author":[{"embeddable":true,"href":"https:\/\/lapapelera.com\/cba\/wp-json\/wp\/v2\/users\/1"}],"replies":[{"embeddable":true,"href":"https:\/\/lapapelera.com\/cba\/wp-json\/wp\/v2\/comments?post=14898"}],"version-history":[{"count":5,"href":"https:\/\/lapapelera.com\/cba\/wp-json\/wp\/v2\/pages\/14898\/revisions"}],"predecessor-version":[{"id":14976,"href":"https:\/\/lapapelera.com\/cba\/wp-json\/wp\/v2\/pages\/14898\/revisions\/14976"}],"up":[{"embeddable":true,"href":"https:\/\/lapapelera.com\/cba\/wp-json\/wp\/v2\/pages\/14782"}],"wp:featuredmedia":[{"embeddable":true,"href":"https:\/\/lapapelera.com\/cba\/wp-json\/wp\/v2\/media\/14959"}],"wp:attachment":[{"href":"https:\/\/lapapelera.com\/cba\/wp-json\/wp\/v2\/media?parent=14898"}],"wp:term":[{"taxonomy":"category","embeddable":true,"href":"https:\/\/lapapelera.com\/cba\/wp-json\/wp\/v2\/categories?post=14898"},{"taxonomy":"post_tag","embeddable":true,"href":"https:\/\/lapapelera.com\/cba\/wp-json\/wp\/v2\/tags?post=14898"}],"curies":[{"name":"wp","href":"https:\/\/api.w.org\/{rel}","templated":true}]}}