{"id":15321,"date":"2021-08-05T18:44:46","date_gmt":"2021-08-05T22:44:46","guid":{"rendered":"https:\/\/lapapelera.com\/cba\/?post_type=product&#038;p=15321"},"modified":"2025-12-08T15:32:47","modified_gmt":"2025-12-08T19:32:47","slug":"box-con-agarrador-marron-multiuso-apilable-22x125x78cm","status":"publish","type":"product","link":"https:\/\/lapapelera.com\/cba\/producto\/box-con-agarrador-marron-multiuso-apilable-22x125x78cm\/","title":{"rendered":"Box con Agarrador Multiuso Apilable (22&#215;12.5&#215;7.8cm)"},"content":{"rendered":"","protected":false},"excerpt":{"rendered":"<p>BOX CON AGARRADOR MARRON MULTIUSO APILABLE (22X12,5X7,8cm)<\/p>\n<p>Se puede apilar hasta 3 cajas, una sobre otra y llevar de la forma mas f\u00e1cil, r\u00e1pida, pr\u00e1ctica y sobre todo innovadora.<\/p>\n<p>El sistema dise\u00f1ado permite apilar de la forma mas sencilla y practica.<\/p>\n<p>MEDIDAS:22X12,5X7,8 CM<br \/>\nMATERIAL: CARTULINA MARRON ECOLOGICA BIODEGRADABLE<br \/>\nIMPRESI\u00d3N: ninguna<br \/>\nAPLICACIONES: comida r\u00e1pida, accesorios, masitas, cupcakes ,etc<\/p>\n<p>Pedido M\u00ednimo: 50 Und<\/p>\n","protected":false},"featured_media":15310,"template":"","meta":[],"product_brand":[],"product_cat":[97,84,137],"product_tag":[],"class_list":{"0":"post-15321","1":"product","2":"type-product","3":"status-publish","4":"has-post-thumbnail","6":"product_cat-comida-rapida","7":"product_cat-panaderia-y-pasteleria","8":"product_cat-para-bebidas","10":"first","11":"instock","12":"shipping-taxable","13":"purchasable","14":"product-type-simple"},"_links":{"self":[{"href":"https:\/\/lapapelera.com\/cba\/wp-json\/wp\/v2\/product\/15321","targetHints":{"allow":["GET"]}}],"collection":[{"href":"https:\/\/lapapelera.com\/cba\/wp-json\/wp\/v2\/product"}],"about":[{"href":"https:\/\/lapapelera.com\/cba\/wp-json\/wp\/v2\/types\/product"}],"wp:featuredmedia":[{"embeddable":true,"href":"https:\/\/lapapelera.com\/cba\/wp-json\/wp\/v2\/media\/15310"}],"wp:attachment":[{"href":"https:\/\/lapapelera.com\/cba\/wp-json\/wp\/v2\/media?parent=15321"}],"wp:term":[{"taxonomy":"product_brand","embeddable":true,"href":"https:\/\/lapapelera.com\/cba\/wp-json\/wp\/v2\/product_brand?post=15321"},{"taxonomy":"product_cat","embeddable":true,"href":"https:\/\/lapapelera.com\/cba\/wp-json\/wp\/v2\/product_cat?post=15321"},{"taxonomy":"product_tag","embeddable":true,"href":"https:\/\/lapapelera.com\/cba\/wp-json\/wp\/v2\/product_tag?post=15321"}],"curies":[{"name":"wp","href":"https:\/\/api.w.org\/{rel}","templated":true}]}}