{"id":14902,"date":"2020-12-09T22:20:24","date_gmt":"2020-12-10T02:20:24","guid":{"rendered":"https:\/\/lapapelera.com\/scz\/?page_id=14902"},"modified":"2020-12-10T13:58:01","modified_gmt":"2020-12-10T17:58:01","slug":"cajas-agricolas","status":"publish","type":"page","link":"https:\/\/lapapelera.com\/scz\/productos\/linea-industrial\/cajas-agricolas\/","title":{"rendered":"Cajas Agr\u00edcolas"},"content":{"rendered":"<section data-vc-full-width=\"true\" data-vc-full-width-init=\"false\" data-vc-stretch-content=\"true\" class=\"vc_section vc_custom_1605494913919 vc_section-has-fill\"><div class=\"container  dark\"><div class=\"section_clear\"><div id=\"fws_69ddf45a88b21\" class=\"wpb_row vc_row vc_row-fluid  animate_onoffset row-dynamic-el standard_section    vc_row-o-equal-height vc_row-flex normal \" style=\"\"><div  style=\"position: absolute;top: 0;\"><\/div><div class=\"wpb_column column_container with_padding wpb_column vc_column_container vc_col-sm-6\"><div class=\"vc_column-inner  \"  style=\"padding:\" data-animation=\"none\" data-delay=\"\"><div class=\"wpb_wrapper\"><div class=\"wpb_content_element media media_el yes animate_onoffset\"><img decoding=\"async\" src=\"https:\/\/lapapelera.com\/scz\/wp-content\/uploads\/2020\/12\/Cajas-Agricolas.jpg\" alt=\"Portfolio\" class=\"type_image media_animation animation_left alignment_left\"  \/><\/div><\/div><\/div><\/div><div class=\"wpb_column column_container with_padding wpb_column vc_column_container vc_col-sm-6\"><div class=\"vc_column-inner  \"  style=\" color: #ffffff;padding:\" data-animation=\"none\" data-delay=\"\"><div class=\"wpb_wrapper\">\n\t<div class=\"wpb_text_column wpb_content_element \">\n\t\t<div class=\"wpb_wrapper\">\n\t\t\t<h1><strong><span style=\"color: #27a0dc;\">CAJAS AGR\u00cdCOLAS<\/span><\/strong><\/h1>\n<p>&nbsp;<\/p>\n<h4><span style=\"color: #27a0dc;\">Descripci\u00f3n<\/span><\/h4>\n<p><span style=\"color: #ffffff;\">Cajas de cart\u00f3n corrugado dise\u00f1adas especialmente para soportar las tareas de embalaje, almacenamiento y transporte en las exigentes condiciones requeridas por el rubro agr\u00edcola.<\/span><\/p>\n<p><span style=\"color: #ffffff;\">Incremento de las ventas gracias a una vistosa presentaci\u00f3n.<\/span><\/p>\n<p><span style=\"color: #ffffff;\">Reducci\u00f3n de da\u00f1os durante el transporte gracias a su resistencia y estabilidad.<\/span><\/p>\n<p><span style=\"color: #ffffff;\">Sistema rentable y eficaz para el embalaje y transporte de productos.<\/span><\/p>\n<h3><span style=\"color: #27a0dc;\">Caracter\u00edsticas<\/span><\/h3>\n<ul>\n<li><span style=\"color: #ffffff;\">Tama\u00f1os est\u00e1ndar disponibles.<\/span><\/li>\n<li><span style=\"color: #ffffff;\">Opci\u00f3n de fabricaci\u00f3n a medida para adaptarlas a sus requisitos exactos de tama\u00f1o y rendimiento.<\/span><\/li>\n<li><span style=\"color: #ffffff;\">Disponibles en distintas estructuras de cart\u00f3n corrugado.<\/span><\/li>\n<li><span style=\"color: #ffffff;\">Impresi\u00f3n flexogr\u00e1fica o pre impresi\u00f3n de alta calidad para una \u00f3ptima presentaci\u00f3n.<\/span><\/li>\n<li><span style=\"color: #ffffff;\">Cajas entregadas al cliente en formato plano, por lo que genera grandes ahorros de espacio de almacenamiento en comparaci\u00f3n a otro tipo de envases como cajas de madera.<\/span><\/li>\n<li><span style=\"color: #ffffff;\">Son ofrecidas para armado manual o armado autom\u00e1tico.<\/span><\/li>\n<li><span style=\"color: #ffffff;\">Se puede incluir recubrimientos que incrementan la resistencia de la caja contra la humedad.<\/span><\/li>\n<li><span style=\"color: #ffffff;\">Pueden incorporarse perforaciones que permiten la ventilaci\u00f3n del producto y la manipulaci\u00f3n de la caja.<\/span><\/li>\n<li><span style=\"color: #ffffff;\">F\u00e1cilmente reducibles.<\/span><\/li>\n<li><span style=\"color: #ffffff;\">Cien por ciento reciclables.<\/span><\/li>\n<\/ul>\n<div class=\"col-sm-6\">\n<h3><span style=\"color: #27a0dc;\">\u00bfPor qu\u00e9 nos eligen?<\/span><\/h3>\n<ul>\n<li><span style=\"color: #ffffff;\">Soporte t\u00e9cnico pre y post venta.<\/span><\/li>\n<li><span style=\"color: #ffffff;\">Amplia experiencia y apoyo en el dise\u00f1o de su caja, elaboraci\u00f3n de prototipo, pruebas piloto y pruebas industriales.<\/span><\/li>\n<li><span style=\"color: #ffffff;\">Soporte t\u00e9cnico en m\u00e1quinas y equipos de apoyo para el armado autom\u00e1tico de este tipo de cajas, almacenamiento y log\u00edstica de sus productos.<\/span><\/li>\n<li><span style=\"color: #ffffff;\">Tiempos r\u00e1pidos de entrega incluso en grandes cantidades.<\/span><\/li>\n<li><span style=\"color: #ffffff;\">Fabricadas a partir de fuentes de materias primas sostenibles y renovables<\/span><\/li>\n<li><span style=\"color: #ffffff;\">Pruebas de simulaci\u00f3n de clima, alta humedad, alta temperatura, c\u00e1mara fr\u00eda y congelamiento que garantizan un \u00f3ptimo desempe\u00f1o acorde a sus requerimientos.<\/span><\/li>\n<li><span style=\"color: #ffffff;\">Atenci\u00f3n comercial en todo el pa\u00eds.<\/span><\/li>\n<\/ul>\n<\/div>\n\n\t\t<\/div> \n\t<\/div> <div class=\"vc_btn3-container vc_btn3-center\" ><a class=\"vc_general vc_btn3 vc_btn3-size-md vc_btn3-shape-square vc_btn3-style-outline vc_btn3-icon-left vc_btn3-color-white\" href=\"\/productos\/linea-industrial\/\" title=\"Productos Industriales\"><i class=\"vc_btn3-icon fas fa-angle-double-left\"><\/i> volver a men\u00fa<\/a><\/div><\/div><\/div><\/div><div class=\"wpb_column column_container with_padding wpb_column vc_column_container vc_col-sm-12\"><div class=\"vc_column-inner  \"  style=\"padding:\" data-animation=\"none\" data-delay=\"\"><div class=\"wpb_wrapper\"><div class=\"vc_empty_space\"   style=\"height: 42px\"><span class=\"vc_empty_space_inner\"><\/span><\/div><\/div><\/div><\/div><\/div><\/div><\/div><\/section><div class=\"vc_row-full-width vc_clearfix\"><\/div>\n","protected":false},"excerpt":{"rendered":"CAJAS AGR\u00cdCOLAS &nbsp; Descripci\u00f3n Cajas de cart\u00f3n corrugado dise\u00f1adas especialmente para soportar las tareas de embalaje, almacenamiento y transporte en las exigentes condiciones requeridas por el rubro agr\u00edcola. Incremento de las ventas gracias a una vistosa presentaci\u00f3n. Reducci\u00f3n de da\u00f1os durante el transporte gracias a su resistencia y estabilidad. Sistema rentable y eficaz para el [...]","protected":false},"author":1,"featured_media":14949,"parent":14782,"menu_order":0,"comment_status":"closed","ping_status":"closed","template":"","meta":{"footnotes":""},"categories":[124],"tags":[],"class_list":["post-14902","page","type-page","status-publish","has-post-thumbnail","hentry","category-cajas-carton"],"_links":{"self":[{"href":"https:\/\/lapapelera.com\/scz\/wp-json\/wp\/v2\/pages\/14902","targetHints":{"allow":["GET"]}}],"collection":[{"href":"https:\/\/lapapelera.com\/scz\/wp-json\/wp\/v2\/pages"}],"about":[{"href":"https:\/\/lapapelera.com\/scz\/wp-json\/wp\/v2\/types\/page"}],"author":[{"embeddable":true,"href":"https:\/\/lapapelera.com\/scz\/wp-json\/wp\/v2\/users\/1"}],"replies":[{"embeddable":true,"href":"https:\/\/lapapelera.com\/scz\/wp-json\/wp\/v2\/comments?post=14902"}],"version-history":[{"count":2,"href":"https:\/\/lapapelera.com\/scz\/wp-json\/wp\/v2\/pages\/14902\/revisions"}],"predecessor-version":[{"id":14972,"href":"https:\/\/lapapelera.com\/scz\/wp-json\/wp\/v2\/pages\/14902\/revisions\/14972"}],"up":[{"embeddable":true,"href":"https:\/\/lapapelera.com\/scz\/wp-json\/wp\/v2\/pages\/14782"}],"wp:featuredmedia":[{"embeddable":true,"href":"https:\/\/lapapelera.com\/scz\/wp-json\/wp\/v2\/media\/14949"}],"wp:attachment":[{"href":"https:\/\/lapapelera.com\/scz\/wp-json\/wp\/v2\/media?parent=14902"}],"wp:term":[{"taxonomy":"category","embeddable":true,"href":"https:\/\/lapapelera.com\/scz\/wp-json\/wp\/v2\/categories?post=14902"},{"taxonomy":"post_tag","embeddable":true,"href":"https:\/\/lapapelera.com\/scz\/wp-json\/wp\/v2\/tags?post=14902"}],"curies":[{"name":"wp","href":"https:\/\/api.w.org\/{rel}","templated":true}]}}