{"id":14917,"date":"2020-12-09T22:48:02","date_gmt":"2020-12-10T02:48:02","guid":{"rendered":"https:\/\/lapapelera.com\/scz\/?page_id=14917"},"modified":"2020-12-10T13:54:02","modified_gmt":"2020-12-10T17:54:02","slug":"estuches-para-alimentos","status":"publish","type":"page","link":"https:\/\/lapapelera.com\/scz\/productos\/linea-industrial\/estuches-para-alimentos\/","title":{"rendered":"Estuches para Alimentos"},"content":{"rendered":"<section data-vc-full-width=\"true\" data-vc-full-width-init=\"false\" data-vc-stretch-content=\"true\" class=\"vc_section vc_custom_1605494913919 vc_section-has-fill\"><div class=\"container  dark\"><div class=\"section_clear\"><div id=\"fws_69ed6931229f8\" class=\"wpb_row vc_row vc_row-fluid  animate_onoffset row-dynamic-el standard_section    vc_row-o-equal-height vc_row-flex normal \" style=\"\"><div  style=\"position: absolute;top: 0;\"><\/div><div class=\"wpb_column column_container with_padding wpb_column vc_column_container vc_col-sm-6\"><div class=\"vc_column-inner  \"  style=\"padding:\" data-animation=\"none\" data-delay=\"\"><div class=\"wpb_wrapper\"><div class=\"wpb_content_element media media_el yes animate_onoffset\"><img decoding=\"async\" src=\"https:\/\/lapapelera.com\/scz\/wp-content\/uploads\/2020\/12\/Cajas-para-alimentos.jpg\" alt=\"Portfolio\" class=\"type_image media_animation animation_left alignment_left\"  \/><\/div><\/div><\/div><\/div><div class=\"wpb_column column_container with_padding wpb_column vc_column_container vc_col-sm-6\"><div class=\"vc_column-inner  \"  style=\" color: #ffffff;padding:\" data-animation=\"none\" data-delay=\"\"><div class=\"wpb_wrapper\">\n\t<div class=\"wpb_text_column wpb_content_element \">\n\t\t<div class=\"wpb_wrapper\">\n\t\t\t<h1><strong><span style=\"color: #27a0dc;\">ESTUCHES PARA ALIMENTOS<\/span><\/strong><\/h1>\n<p>&nbsp;<\/p>\n<h3><span style=\"color: #27a0dc;\">Descripci\u00f3n<\/span><\/h3>\n<p><span style=\"color: #ffffff;\">Soluciones de empaque que mantienen los productos frescos y protegidos.<\/span><\/p>\n<p><span style=\"color: #ffffff;\">Estuches libres de contaminaci\u00f3n de elementos t\u00f3xicos para la salud.<\/span><\/p>\n<p><span style=\"color: #ffffff;\">Las tintas son de baja migraci\u00f3n, as\u00ed como los aditivos requeridos para este tipo de productos.<\/span><\/p>\n<p><span style=\"color: #ffffff;\">Funcionalidad estructural para la conservaci\u00f3n del contenido en c\u00e1maras refrigeradas y mayor tiempo de vida en estantes.<\/span><\/p>\n<p><span style=\"color: #ffffff;\">Uso de tintas y barnices UV y\/o convencionales.<\/span><\/p>\n<h3><b style=\"color: #27a0dc;\">Caracter\u00edsticas<\/b><\/h3>\n<ul>\n<li><span style=\"color: #ffffff;\">Sustratos especialmente elaborados para envases de alimentos.<\/span><\/li>\n<li><span style=\"color: #ffffff;\">Estuches aptos para embalaje manual o autom\u00e1tico.<\/span><\/li>\n<li><span style=\"color: #ffffff;\">Cartulinas de alta calidad y blancuras estandarizadas.<\/span><\/li>\n<li><span style=\"color: #ffffff;\">M\u00e1xima calidad de impresi\u00f3n y procesos controlados que favorecen el uso del producto.<\/span><\/li>\n<li><span style=\"color: #ffffff;\">Diferentes dise\u00f1os de envase acordes a la necesidad del cliente.<\/span><\/li>\n<\/ul>\n<h3><span style=\"color: #27a0dc;\"><b>\u00bfPor qu\u00e9 nos eligen?<\/b><\/span><\/h3>\n<ul>\n<li><span style=\"color: #ffffff;\">Soporte t\u00e9cnico pre y post venta.<\/span><\/li>\n<li><span style=\"color: #ffffff;\">Alternativa ecol\u00f3gicamente favorable.<\/span><\/li>\n<li><span style=\"color: #ffffff;\">Dise\u00f1o a medida para satisfacer requisitos de imagen, funcionalidad y tama\u00f1o.<\/span><\/li>\n<li><span style=\"color: #ffffff;\">Tecnolog\u00eda de \u00faltima generaci\u00f3n que acelera procesos de pre prensa y\/o cambios imprevistos por el cliente.<span class=\"Apple-converted-space\">\u00a0<\/span><\/span><\/li>\n<li><span style=\"color: #ffffff;\">Estabilidad de color manteniendo la referencia de tonalidad solicitada por el cliente en cada producci\u00f3n (QualiTronic-Color Control).<\/span><\/li>\n<li><span style=\"color: #ffffff;\">Presencia comercial personalizada.<\/span><\/li>\n<\/ul>\n\n\t\t<\/div> \n\t<\/div> <div class=\"vc_btn3-container vc_btn3-center\" ><a class=\"vc_general vc_btn3 vc_btn3-size-md vc_btn3-shape-square vc_btn3-style-outline vc_btn3-icon-left vc_btn3-color-white\" href=\"\/productos\/linea-industrial\/\" title=\"Productos Industriales\"><i class=\"vc_btn3-icon fas fa-angle-double-left\"><\/i> volver a men\u00fa<\/a><\/div><\/div><\/div><\/div><div class=\"wpb_column column_container with_padding wpb_column vc_column_container vc_col-sm-12\"><div class=\"vc_column-inner  \"  style=\"padding:\" data-animation=\"none\" data-delay=\"\"><div class=\"wpb_wrapper\"><div class=\"vc_empty_space\"   style=\"height: 42px\"><span class=\"vc_empty_space_inner\"><\/span><\/div><\/div><\/div><\/div><\/div><\/div><\/div><\/section><div class=\"vc_row-full-width vc_clearfix\"><\/div>\n","protected":false},"excerpt":{"rendered":"ESTUCHES PARA ALIMENTOS &nbsp; Descripci\u00f3n Soluciones de empaque que mantienen los productos frescos y protegidos. Estuches libres de contaminaci\u00f3n de elementos t\u00f3xicos para la salud. Las tintas son de baja migraci\u00f3n, as\u00ed como los aditivos requeridos para este tipo de productos. Funcionalidad estructural para la conservaci\u00f3n del contenido en c\u00e1maras refrigeradas y mayor tiempo de [...]","protected":false},"author":1,"featured_media":14956,"parent":14782,"menu_order":0,"comment_status":"closed","ping_status":"closed","template":"","meta":{"footnotes":""},"categories":[127],"tags":[],"class_list":["post-14917","page","type-page","status-publish","has-post-thumbnail","hentry","category-estuches-cartulina"],"_links":{"self":[{"href":"https:\/\/lapapelera.com\/scz\/wp-json\/wp\/v2\/pages\/14917","targetHints":{"allow":["GET"]}}],"collection":[{"href":"https:\/\/lapapelera.com\/scz\/wp-json\/wp\/v2\/pages"}],"about":[{"href":"https:\/\/lapapelera.com\/scz\/wp-json\/wp\/v2\/types\/page"}],"author":[{"embeddable":true,"href":"https:\/\/lapapelera.com\/scz\/wp-json\/wp\/v2\/users\/1"}],"replies":[{"embeddable":true,"href":"https:\/\/lapapelera.com\/scz\/wp-json\/wp\/v2\/comments?post=14917"}],"version-history":[{"count":5,"href":"https:\/\/lapapelera.com\/scz\/wp-json\/wp\/v2\/pages\/14917\/revisions"}],"predecessor-version":[{"id":14968,"href":"https:\/\/lapapelera.com\/scz\/wp-json\/wp\/v2\/pages\/14917\/revisions\/14968"}],"up":[{"embeddable":true,"href":"https:\/\/lapapelera.com\/scz\/wp-json\/wp\/v2\/pages\/14782"}],"wp:featuredmedia":[{"embeddable":true,"href":"https:\/\/lapapelera.com\/scz\/wp-json\/wp\/v2\/media\/14956"}],"wp:attachment":[{"href":"https:\/\/lapapelera.com\/scz\/wp-json\/wp\/v2\/media?parent=14917"}],"wp:term":[{"taxonomy":"category","embeddable":true,"href":"https:\/\/lapapelera.com\/scz\/wp-json\/wp\/v2\/categories?post=14917"},{"taxonomy":"post_tag","embeddable":true,"href":"https:\/\/lapapelera.com\/scz\/wp-json\/wp\/v2\/tags?post=14917"}],"curies":[{"name":"wp","href":"https:\/\/api.w.org\/{rel}","templated":true}]}}